{"id":689,"date":"2021-12-29T15:53:59","date_gmt":"2021-12-29T14:53:59","guid":{"rendered":"http:\/\/megauniform.com\/?post_type=product&#038;p=689"},"modified":"2022-04-18T23:37:18","modified_gmt":"2022-04-18T21:37:18","slug":"urban-s3-src-esd-en-iso-203452011","status":"publish","type":"product","link":"https:\/\/megauniform.com\/?product=urban-s3-src-esd-en-iso-203452011","title":{"rendered":"URBAN &#8211; S3 | SRC | ESD &#8211; EN ISO 20345:2011"},"content":{"rendered":"<p>Tige microfibre et nylon<br \/>\nDoublure anti-transpiration<br \/>\nSyst\u00e8me de la\u00e7age avec accastillage anti-rouille<br \/>\nLanguette matelas\u00e9eAnti-friction collier<br \/>\nGomme Pare-Pierres avant<br \/>\nCoque aluminium<br \/>\nStabiliseur Talon<br \/>\nSemelle Int\u00e9rieure amovible EVA<br \/>\nCambrion PU<br \/>\nPlaque anti-perforation<br \/>\nSemelle Gomme Nitrile avec syst\u00e8me Air Tubeless<br \/>\nFabriqu\u00e9 en Europe<br \/>\nStrobel construction<br \/>\nCertifi\u00e9 EN ISO 20345:2011, S3, SRC, ESD<\/p>\n<p><img loading=\"lazy\" decoding=\"async\" class=\"alignnone wp-image-830\" src=\"http:\/\/megauniform.com\/wp-content\/uploads\/2021\/12\/icon19.png\" alt=\"\" width=\"45\" height=\"45\" srcset=\"https:\/\/megauniform.com\/wp-content\/uploads\/2021\/12\/icon19.png 145w, https:\/\/megauniform.com\/wp-content\/uploads\/2021\/12\/icon19-100x100.png 100w\" sizes=\"auto, (max-width: 45px) 100vw, 45px\" \/> <img loading=\"lazy\" decoding=\"async\" class=\"alignnone size-full wp-image-481\" src=\"http:\/\/megauniform.com\/wp-content\/uploads\/2021\/12\/icon16.jpg\" alt=\"\" width=\"45\" height=\"45\" \/> <img loading=\"lazy\" decoding=\"async\" class=\"alignnone size-full wp-image-480\" src=\"http:\/\/megauniform.com\/wp-content\/uploads\/2021\/12\/icon33.jpg\" alt=\"\" width=\"45\" height=\"45\" \/> <img loading=\"lazy\" decoding=\"async\" class=\"alignnone size-full wp-image-478\" src=\"http:\/\/megauniform.com\/wp-content\/uploads\/2021\/12\/icon10.jpg\" alt=\"\" width=\"45\" height=\"45\" \/><\/p>\n<p>&nbsp;<\/p>\n","protected":false},"excerpt":{"rendered":"<p>Tige microfibre et nylon Doublure anti-transpiration Syst\u00e8me de la\u00e7age avec accastillage anti-rouille Languette matelas\u00e9eAnti-friction collier Gomme Pare-Pierres avant Coque aluminium&#8230;<\/p>\n","protected":false},"featured_media":835,"template":"","meta":[],"product_brand":[],"product_cat":[57],"product_tag":[77,58,59],"class_list":{"0":"post-689","1":"product","2":"type-product","3":"status-publish","4":"has-post-thumbnail","6":"product_cat-chaussures-de-securite","7":"product_tag-esd","8":"product_tag-s3","9":"product_tag-src","10":"pa_collection-safety-runners","11":"pa_couleur-gris","12":"pa_couleur-noir","13":"pa_marque-toworkfor","14":"pa_taille-35-42","16":"first","17":"instock","18":"shipping-taxable","19":"product-type-simple"},"aioseo_notices":[],"_links":{"self":[{"href":"https:\/\/megauniform.com\/index.php?rest_route=\/wp\/v2\/product\/689","targetHints":{"allow":["GET"]}}],"collection":[{"href":"https:\/\/megauniform.com\/index.php?rest_route=\/wp\/v2\/product"}],"about":[{"href":"https:\/\/megauniform.com\/index.php?rest_route=\/wp\/v2\/types\/product"}],"wp:featuredmedia":[{"embeddable":true,"href":"https:\/\/megauniform.com\/index.php?rest_route=\/wp\/v2\/media\/835"}],"wp:attachment":[{"href":"https:\/\/megauniform.com\/index.php?rest_route=%2Fwp%2Fv2%2Fmedia&parent=689"}],"wp:term":[{"taxonomy":"product_brand","embeddable":true,"href":"https:\/\/megauniform.com\/index.php?rest_route=%2Fwp%2Fv2%2Fproduct_brand&post=689"},{"taxonomy":"product_cat","embeddable":true,"href":"https:\/\/megauniform.com\/index.php?rest_route=%2Fwp%2Fv2%2Fproduct_cat&post=689"},{"taxonomy":"product_tag","embeddable":true,"href":"https:\/\/megauniform.com\/index.php?rest_route=%2Fwp%2Fv2%2Fproduct_tag&post=689"}],"curies":[{"name":"wp","href":"https:\/\/api.w.org\/{rel}","templated":true}]}}